 greatest common divisor of 3342 and 131613530.
1114
What is the greatest common divisor of 1000 and 10739950?
50
Calculate the highest common divisor of 3635833 and 229.
229
Calculate the highest common divisor of 161 and 18859582.
7
Calculate the greatest common factor of 15570 and 2377530.
90
Calculate the highest common factor of 3698040 and 7560.
120
Calculate the greatest common factor of 4291993 and 1219.
53
Calculate the greatest common divisor of 7530 and 11959146.
1506
Calculate the greatest common factor of 364320 and 5165820.
1980
What is the highest common factor of 6 and 27182658?
6
Calculate the greatest common divisor of 2886 and 270442731.
1443
Calculate the highest common divisor of 1018291317 and 1398.
699
Calculate the highest common divisor of 11350290 and 1050.
210
What is the greatest common divisor of 50866313 and 151?
151
What is the greatest common divisor of 1566 and 9090804?
174
What is the highest common divisor of 665 and 24545017?
133
Calculate the highest common factor of 26 and 181486.
2
What is the greatest common factor of 2253189 and 109869?
159
What is the greatest common divisor of 2646 and 16120608?
294
What is the highest common factor of 2278560 and 713565?
1515
Calculate the highest common divisor of 11388346 and 62.
62
What is the highest common factor of 593640 and 15132?
1164
Calculate the highest common factor of 675280 and 24725.
115
Calculate the highest common divisor of 6431858 and 3404.
1702
Calculate the highest common factor of 1502772 and 24.
12
Calculate the greatest common factor of 225 and 327519150.
75
What is the greatest common divisor of 7822269 and 468?
117
Calculate the greatest common factor of 21708 and 10516320.
2412
What is the highest common factor of 5132007 and 258?
129
What is the greatest common factor of 8865 and 1954023300?
8865
Calculate the highest common divisor of 3597 and 165422433.
3597
What is the highest common divisor of 8096 and 495660?
44
Calculate the greatest common factor of 17192 and 55336.
8
Calculate the highest common factor of 613 and 135268871.
613
Calculate the greatest common factor of 5029260 and 45.
15
What is the greatest common divisor of 961484 and 40?
4
Calculate the highest common divisor of 12 and 23497.
1
What is the highest common factor of 1479 and 5559051?
51
Calculate the greatest common factor of 45431847 and 81.
81
Calculate the highest common factor of 3692317585 and 55.
55
Calculate the greatest common divisor of 1482 and 584136.
114
What is the greatest common divisor of 193705 and 36773365?
10195
What is the greatest common factor of 11111870 and 220?
110
What is the highest common divisor of 355928521 and 104?
13
Calculate the greatest common divisor of 526200488 and 704.
88
What is the greatest common factor of 48740300 and 7250?
1450
Calculate the greatest common factor of 164508370 and 260.
130
Calculate the highest common factor of 20 and 3157460.
20
Calculate the highest common divisor of 6332846 and 5.
1
Calculate the highest common factor of 600 and 26724400.
200
Calculate the greatest common divisor of 6170948 and 84.
28
What is the greatest common factor of 804647 and 53725?
307
Calculate the greatest common factor of 8555 and 58325.
5
Calculate the greatest common factor of 1583815 and 90825.
865
What is the greatest common factor of 32465751 and 21?
3
Calculate the greatest common divisor of 127064420 and 207.
23
Calculate the greatest common factor of 81 and 112848147.
81
What is the highest common divisor of 7028 and 45348170?
3514
What is the greatest common factor of 13602 and 11885881?
2267
What is the highest common factor of 15977512 and 168?
8
What is the highest common divisor of 82 and 201501101?
41
Calculate the highest common divisor of 45 and 125016865.
5
Calculate the highest common factor of 185935 and 110905.
205
What is the greatest common divisor of 12135132 and 14588?
2084
Calculate the highest common factor of 1109348 and 300698.
1198
What is the greatest common divisor of 433087962 and 822?
822
What is the greatest common factor of 937768473 and 237?
237
Calculate the highest common factor of 581140412 and 1812.
604
Calculate the highest common factor of 82480 and 5223046.
2062
What is the highest common factor of 2947584 and 49856?
1216
Calculate the greatest common factor of 14070 and 8247030.
2010
Calculate the greatest common factor of 2997 and 4536237.
111
Calculate the greatest common factor of 9144 and 8894064.
3048
What is the highest common factor of 385 and 426219145?
55
Calculate the highest common divisor of 287251574 and 4907.
701
Calculate the greatest common factor of 259 and 11046757.
37
Calculate the greatest common divisor of 2613 and 510283189.
871
What is the highest common factor of 13662690 and 276?
138
What is the highest common divisor of 39325 and 21047?
13
Calculate the highest common divisor of 4407 and 1552281.
339
Calculate the highest common factor of 1821638 and 52.
26
Calculate the highest common divisor of 89798969 and 299.
299
What is the greatest common divisor of 164586866 and 4882?
4882
What is the highest common factor of 1160 and 86539944?
232
Calculate the greatest common factor of 2264 and 55255467.
283
Calculate the greatest common divisor of 901 and 338723.
53
Calculate the greatest common divisor of 1267456948 and 3596.
3596
Calculate the highest common divisor of 765 and 874485.
45
Calculate the greatest common factor of 154439 and 227.
1
What is the greatest common divisor of 1608 and 3432984?
24
What is the highest common divisor of 2016146 and 132?
22
What is the highest common factor of 320 and 8417328?
16
What is the highest common factor of 14 and 17769122?
14
Calculate the highest common divisor of 10488 and 54058648.
3496
Calculate the highest common factor of 1210360 and 45.
5
What is the highest common divisor of 37 and 111479002?
37
Calculate the greatest common factor of 8099 and 21449.
89
Calculate the highest common factor of 2439 and 85742232.
813
What is the greatest common factor of 160 and 278850000?
80
What is the highest common factor of 176 and 4797804?
44
What is the greatest common divisor of 22 and 5347353?
11
What is the highest common divisor of 152971 and 71225651?
11767
What is the greatest common factor of 21683756 and 644?
92
What is the greatest common factor of 796532 and 455499?
473
Calculate the greatest common factor of 326844 and 525.
21
What is the highest common divisor of 44 and 4854278?
22
What is the highest common divisor of 21750 and 300719850?
4350
What is the greatest common factor of 110826 and 1046?
2
What is the highest common factor of 96 and 367353312?
96
Calculate the highest common factor of 173 and 1454511513.
173
Calculate the highest common factor of 8252150 and 17365.
755
Calculate the greatest common factor of 557511125 and 5375.
5375
What is the highest common factor of 20860 and 50240?
20
What is the highest common factor of 608644 and 7198?
118
What is the greatest common factor of 3269 and 133091?
7
What is the highest common factor of 679 and 370000001?
679
What is the highest common divisor of 1850 and 1060550?
50
Calculate the greatest common divisor of 16528725 and 1575.
225
What is the highest common divisor of 1242 and 5929794?
54
What is the greatest common divisor of 46712070 and 9690?
570
What is the greatest common factor of 7668 and 44838630?
3834
What is the highest common divisor of 6998553 and 1260?
9
Calculate the highest common factor of 4050972 and 104976.
324
What is the greatest common divisor of 4 and 84230992?
4
What is the highest common factor of 248424 and 280?
8
What is the highest common factor of 8642384 and 16?
16
What is the highest common divisor of 262 and 82614?
2
What is the greatest common factor of 519 and 10749?
3
Calculate the greatest common divisor of 33793 and 91697.
47
Calculate the highest common divisor of 7743 and 2871.
87
What is the greatest common factor of 7990 and 9887390?
470
Calculate the greatest common divisor of 41454567 and 369.
369
Calculate the greatest common factor of 433967211 and 153.
153
Calculate the greatest common factor of 166494 and 282.
6
Calculate the highest common factor of 2032938 and 2670.
534
Calculate the greatest c